se -4*h = 5*v - 176, 5*v - g = 4*h + 161. What is the remainder when v is divided by q?
10
Let k = 1 - 9. Let c = 20 - 23. What is the remainder when (-66)/(c*(-4)/k) is divided by 15?
14
Suppose 0 = -2*d + 264 - 224. What is the remainder when 21 is divided by d?
1
Let z be -3 + (-2 - -17)*1. Let l(v) = v + 13. Let u be l(z). Let a = u + 1. Calculate the remainder when a is divided by 7.
5
Let m(v) = -15*v - 27. What is the remainder when m(-10) is divided by 6?
3
Suppose 26 = -5*l - 3*y, -6*l + l - y = 22. What is the remainder when 53 is divided by l/(44/(-36) - -1)?
17
Calculate the remainder when 55 is divided by (-2 - (-168)/(-14))*(-3)/2.
13
Suppose -2*h + 0*h + 8 = 0. Let x be ((-2)/h)/((-4)/16). Suppose x*b + 0 = -4*o + 18, 3*o = 2*b - 4. Calculate the remainder when 17 is divided by b.
2
Suppose 0*a + 12 = 3*a. Let f = a - -11. What is the remainder when (10/15)/(4/354) is divided by f?
14
Suppose -224 = 4*l - 300. Calculate the remainder when 61 is divided by l.
4
Let p(d) = d**2 + 9*d - 5. Suppose 3*r = 97 - 46. Calculate the remainder when p(-12) is divided by r.
14
Let o(x) = 7*x**2 - 11*x - 42. Let g be o(-4). Suppose -246 - g = -18*f. Let n(m) = 39*m**2 - 1. Calculate the remainder when n(1) is divided by f.
18
Let m be 6/(-9) + (-34)/(-6). Suppose 0 = -2*g - 5*n + 4 - 31, -5*g + 2*n = -m. What is the remainder when 31 is divided by ((-88)/(-24))/(g/(-3))?
9
Let j(i) = -12*i + 370. What is the remainder when 67 is divided by j(27)?
21
Let w(s) = s**3 - 12*s**2 - 13*s - 1. Let j be w(13). What is the remainder when j/(-4)*(92 - 0) is divided by 9?
5
Let b = -164 - -234. Calculate the remainder when 137 is divided by b.
67
What is the remainder when 50/125 - 876/(-10) is divided by 35?
18
Suppose 0 = -t + 4*q, -15 = -t + q - 0. Suppose -2*z - g + 11 = -t, z + 1 = 5*g. Let f(h) = h**2 - 22*h - 40. What is the remainder when z is divided by f(24)?
6
Suppose -2*w = 2*h - 18, 6*w - w = -2*h + 30. Suppose w*y = 2*y + 22. Suppose 3*a - 21 = -0*a. What is the remainder when y is divided by a?
4
Let j be 11/((-44)/8)*14. Let s = j - -44. Calculate the remainder when 95 is divided by s.
15
Let c(g) = -2*g**3 + 19*g**2 - 6*g + 11. Calculate the remainder when c(5) is divided by 15.
11
Let m be 0 + -2 + -3 + 3. Suppose -z = -u + 66, u + u - 4*z = 140. Calculate the remainder when u is divided by (-76)/((-4)/1) - m.
20
Suppose 0 = 3*g + 2*y - 427 - 157, 614 = 3*g - 4*y. Calculate the remainder when (-2 + (0 - -3))/(2/g) is divided by 10.
9
Let a = -174 + 192. Calculate the remainder when 133 is divided by a.
7
Let t(a) = a**3 - 3*a**2 + 5. Let y be t(3). Suppose 0 = 4*f - 3*c - 35, 16 - 62 = -y*f + 3*c. What is the remainder when 18 is divided by f?
7
Suppose -2*l = u - l - 28, -l - 4 = 0. What is the remainder when 219 is divided by u?
27
Suppose 236 = 2*r + 2*x, -2*r + 3*x - x = -220. Calculate the remainder when r is divided by 20.
14
Let h be (6 + -6)/(2 + 1). Suppose h*j - j = -12. Let l = 153 + -118. What is the remainder when l is divided by j?
11
Let f(n) = 2*n**3 - 4*n**2 + 3. Let j be f(3). Suppose 4*o - j = 3*o. Let v = -1612 + 1695. What is the remainder when v is divided by o?
20
Suppose 98 = -4*r + 6*r. Calculate the remainder when 92 is divided by r.
43
Suppose 0 = -3*q + 3*j + 72, -q - q + 49 = -j. What is the remainder when 72 is divided by q?
22
Let x(c) = c**2 - 4*c - 10. Let f(p) = -p**3 - 18*p**2 - 19*p - 25. Let b be f(-17). What is the remainder when 66 is divided by x(b)?
31
Suppose -5*t = -2*z + 159, 3*z - t = -34 + 279. What is the remainder when z is divided by 12?
10
Suppose 0*u + y = u - 21, -3*u + 62 = -2*y. Calculate the remainder when 78 is divided by u.
18
Suppose -5*u = o - 180, 36 = u - 4*o + 3*o. Let v(i) = -i**3 + 17*i**2 - 3*i + 50. Let a be v(17). What is the remainder when 70 is divided by u/(a + 2) - 0?
34
Let s(v) be the third derivative of v**5/30 - 5*v**3/6 - 7*v**2. Calculate the remainder when 19 is divided by s(2).
1
Let q(u) = u + 5. Let k be q(-3). Let y(b) = -2*b**2 - 1 - k + 2*b**2 + 2*b + 2*b**2. What is the remainder when 62 is divided by y(-4)?
20
Suppose 0*b = -2*b + a + 45, -57 = -3*b - 2*a. Let u = b + -19. Suppose -24 = -v - o, u*v - 68 = o + o. Calculate the remainder when v is divided by 16.
13
What is the remainder when ((-772)/(-8))/(8/16) is divided by 77/2 - (-1)/2?
37
Suppose -31*f = -4*m - 36*f + 246, 0 = -m - 4*f + 56. What is the remainder when m is divided by 33?
31
Let y(d) = d**3 + 5*d**2 + 2*d - 2. Let l be y(-3). Suppose -l = -4*s + 10. What is the remainder when 14 is divided by s?
4
Suppose 10*s = 34*s - 2664. What is the remainder when s is divided by 29?
24
Let f(v) = 16*v + 158. Calculate the remainder when 129 is divided by f(-7).
37
Let p = -40 - -27. Let a = p - -16. Suppose a*c + 5 = -4*f, -1 = 5*c + 2*f - 16. What is the remainder when 7 is divided by c?
2
Suppose -3*r = -4*p - 4*r + 11, 5*p = r + 7. Let v(o) = o**2 - 6*o - 39 + p*o + 43. What is the remainder when 62 is divided by v(6)?
14
Let b = 405 + -379. Suppose 3*t + q - 17 = 0, -2*t = 2*t + 5*q - 8. Calculate the remainder when b is divided by t.
5
Let t(u) = -26*u + 2. Let a = -4 + 2. What is the remainder when t(a) is divided by (50/80*8)/((-136)/24 - -6)?
9
Suppose -2*t + 5*h = 2*t - 49, -h - 34 = -3*t. Let n = 18 - t. What is the remainder when 12 is divided by n?
5
Suppose 0 = -4*z - 10 - 22. What is the remainder when 1/2 - 148/z is divided by -1*1*(-10 - (-85)/17)?
4
Let c = 1467 + -1195. What is the remainder when c is divided by 3?
2
Suppose 5*d - 2*i = -16, d + 2*i + 3*i = -14. Let x = d + 17. Calculate the remainder when x is divided by 7.
6
Let d = 9 + -1. Let j = 212 + -118. Calculate the remainder when j is divided by d*4/(4 - 3).
30
Let y(w) = -w**3 + 5*w**2 + 10*w - 10. What is the remainder when y(6) is divided by 2?
0
Let b = 369 - 312. Calculate the remainder when 279 is divided by b.
51
Suppose -g = -33 - 8. Suppose -3*t = -3*a - 33, 10*t - 13*t + a = -g. Calculate the remainder when 54 is divided by t.
9
Let z = -211 - -300. Calculate the remainder when z is divided by 18.
17
Let p = 26 - 31. What is the remainder when -2 - (-24 - (4 + p)) is divided by 4?
1
Let b(n) = 3*n**3 + 9*n**2 + 6*n - 121. Calculate the remainder when b(7) is divided by 45.
41
Let o be (9 - 12) + 9*10. Let m = o - 130. Let t = 6 - m. Calculate the remainder when t is divided by 17.
15
Let h = 2158 + -1515. What is the remainder when h is divided by 38?
35
Suppose -91 = -g + 266. What is the remainder when g is divided by 18?
15
Suppose -101*q + 1985 = -338. Calculate the remainder when 38 is divided by q.
15
Suppose -10*j + 9*j = 2*w - 26, 39 = 5*w - 4*j. Calculate the remainder when 1 + (71 - (-3 + 1)) is divided by w.
8
Let u be 4*1 + 8*3/24. Suppose 0 = l - 1, 0 = -u*w + 2*l + 58. Calculate the remainder when 95 is divided by w.
11
Suppose 3*r = 64 + 44. Let v be (-3 - 0)*60/(-9). Let m = 33 - v. Calculate the remainder when r is divided by m.
10
Suppose 12*b - 11*b = 0. Suppose 5*l - 4*q + 3 = -b*l, 12 = 2*l + 5*q. Calculate the remainder when 56 is divided by (-18)/18*-19*l.
18
Suppose -p - 36 = -5*p - 5*x, -2*p = -x - 4. Let r = p + 5. Suppose 2*w = r + 3. Calculate the remainder when 27 is divided by w.
3
Let h be (-21)/9*(7 - 1). Let f(a) = -a**3 - 13*a**2 + 11*a - 3. Suppose 4*s = 51 - 11. Calculate the remainder when f(h) is divided by s.
9
Let h(c) = c**2 + 19*c + 29. Let d be h(-18). Let n = d + 92. Calculate the remainder when n is divided by 52.
51
Calculate the remainder when 758 is divided by (8 - -11)/(((-12)/8)/(-3)).
36
Let x be 24678/45 - 4/10. Suppose 4*g + 3*r - 444 = 0, 2*g - 7*g = 2*r - x. Calculate the remainder when g is divided by 28.
24
Suppose 5*u = 25, 2*u - 56 = 5*z - 3*z. Let o = 33 + z. Suppose 0*l = -2*l + 34. Calculate the remainder when l is divided by o.
7
Suppose -27*v + 119 + 556 = 0. Suppose f + 2*i - 2 = -2*f, i + 17 = 3*f. Suppose -f*m + 97 = -3*m. What is the remainder when m is divided by v?
22
Let v = -622 - -666. Calculate the remainder when v is divided by 18.
8
Let s(p) = -38*p + 149. Calculate the remainder when s(-3) is divided by 67.
62
Let s(n) = -42*n + 7. What is the remainder when 243 is divided by s(-1)?
47
Suppose 0 = 3*z - 5*k - 8, 2*k = -z - 3 